{"id":4200,"date":"2024-03-05T11:50:41","date_gmt":"2024-03-05T14:50:41","guid":{"rendered":"https:\/\/rededor2023.blendon.com.br\/apresentacao\/mensagem-do-presidente\/"},"modified":"2024-06-26T11:40:25","modified_gmt":"2024-06-26T14:40:25","slug":"message-from-the-ceo","status":"publish","type":"page","link":"https:\/\/rededor2023.blendon.com.br\/en\/presentation\/message-from-the-ceo\/","title":{"rendered":"Message from the CEO"},"content":{"rendered":"<div class=\"kb-row-layout-wrap kb-row-layout-id4200_6768a1-0a alignnone wp-block-kadence-rowlayout\"><div class=\"kt-row-column-wrap kt-has-2-columns kt-row-layout-left-golden kt-tab-layout-inherit kt-mobile-layout-row kt-row-valign-top\">\n\n<div class=\"wp-block-kadence-column kadence-column4200_d4549f-f2\"><div class=\"kt-inside-inner-col\">\n<p>In 2023, we delivered robust results that reflect the execution of our investment plan, creating value for all our stakeholders. Throughout the year, we recorded more than 10 million medical visits and performed approximately 500,000 surgeries for patients who came to our units because they trust the quality of care that we deliver to the Brazilian population. Approximately 360,000 patients were also treated at D\u2019Or Oncologia.<\/p>\n\n\n\n<p>In 2023, thanks to our operational excellence, our hospitals\u2019 high technical quality was recognized by several independent national and international organizations, such as the Joint Commission International (JCI). Seventeen of our hospitals are accredited by JCI, thus Rede D\u2019or accounts for 32% of all Brazilian hospitals that were awarded the seal. Over 82% of our hospitals have some sort of accreditation (JCI, QMENTUM, NIAHO, ACSA or ONA) and the remaining are preparing to obtain such accreditations.<\/p>\n\n\n\n<p>As regards our economic performance, we recorded net income of R$2.1 billion and EBITDA (Earnings Before Interest, Taxes, Depreciation and Amortization) of R$7.1 billion.<\/p>\n\n\n\n<p>We are the leaders of the Brazilian private healthcare sector, offering the best in medicine in the geographic regions where we operate, measuring and publicizing our healthcare outcomes, and always striving to achieve the greatest possible operational efficiency, reflecting our commitment to our industry\u2019s sustainability. Another important milestone in 2023 was the merger of SulAm\u00e9rica\u2019s management, seeking synergies in common processes, improving scalable services and bringing efficiency to the entire Group. SulAm\u00e9rica remains as an independent operation, and we have set cohesive strategic goals and plans for our insurance business, confident that we are a solid operation in our country.<\/p>\n\n\n\n<p>In 2023, we opened Hospital S\u00e3o Luiz Campinas (SP), and important projects have entered their final construction stages. In addition to Hospital Memorial Star in Pernambuco, which will start operating in April 2024, we highlight the expansion of Hospital Vila Nova Star, in the city of S\u00e3o Paulo, the Alian\u00e7a Star project in Salvador, as well as the new Hospital Maca\u00e9 D\u2019Or, in Rio de Janeiro state. Moreover, we have projects for new hospitals and expansion of existing units that are already well underway: two new units in S\u00e3o Paulo state \u2013 Alphaville and Guarulhos; Barra D\u2019Or II, in the city of Rio de Janeiro; the new tower at Hospital S\u00e3o Lucas, in Aracaju; and the expansion of Hospital Assun\u00e7\u00e3o, in S\u00e3o Bernardo do Campo, in S\u00e3o Paulo State. Together, these nine units represent a total investment of approximately R$3.5 billion, creating close to 20,000 direct and indirect jobs.<\/p>\n\n\n\n<p>We emphasize our commitment to the economic development of the regions where we operate, which is evident in the percentage of materials and services procured by the Company from local suppliers: over 90%.<\/p>\n\n\n\n<p>We have made important investments, most of which were focused on technology and innovation to achieve greater customer service efficiency, real productivity gains in our operations, and the continuous improvement of our service quality. This way, we ensure that our patients and families have the best possible experience during their stay with us.<\/p>\n\n\n\n<p>We have been focusing our efforts on the climate change agenda, contributing to a low- carbon economy. Among our strategic and assertive initiatives in this journey, we announced our intention to migrate 74 consumer units to renewable energy, as part of our goal to reduce our greenhouse gas emissions by 36% until 2030, considering our commitment to Race to Zero. We also continue to invest in boosting our units\u2019 energy efficiency and enhancing our waste management program.<\/p>\n\n\n\n<p>As a result of our efforts on the environmental agenda, our 2023 greenhouse gas emission inventories (base year 2022) received the gold seal. At year-end, we reached the milestone of 133 Rede D\u2019Or business units participating in the GHG Protocol Program, which will be reported in the next cycle. For the second consecutive year, we received a B score in our CDP questionnaire. We also prepared a climate risk scenarios and matrices study and remained in the Carbon Efficient Index (ICO2) portfolio. We must also mention our recognition in the \u201chealthcare climate champions\u201d and \u201cclimate leadership\u201d categories in the Health Care Climate Challenge 2023, which annually highlights advancements in the environmental agenda achieved by hospitals and healthcare systems and organizations worldwide.<\/p>\n\n\n\n<p>Moreover, we continue to be part of BM&amp;FBovespa\u2019s Corporate Sustainability Index (ISE) portfolio for the period from January 2, 2024, to December 30, 2024. This is the second consecutive time that the Company has been included in the portfolio, this time ranked 32<sup>nd<\/sup>, just two and a half years after its IPO.<\/p>\n\n\n\n<p>On the social front, we seek to value our talents and filled 1,654 open positions with our in-house talents (Movimenta Rede program), an increase of 13% over the previous year. We offer a wide range of training and qualification programs (1.3 million training hours in our corporate university) and safeguard the quality of our working environment. The satisfaction of working at Rede D\u2019 D\u2019Or is evident in the results of the annual climate survey: a more than 72% approval rate. In the leadership pillar, we have a Leadership Development Program (PDL, in Portuguese), which aims to accelerate and support the Company\u2019s talent pipeline to further develop and strengthen these professionals\u2019 performance and potential considering Rede D\u2019Or\u2019s organic growth.<\/p>\n\n\n\n<p>We also participated in numerous social initiatives, including the 10<sup>th<\/sup> anniversary of Hospital da Crian\u00e7a, a non-profit social organization that performs highly complex surgeries for children in the state of Rio de Janeiro. Based in Vila Valqueire, over these 10 years, the institution has recorded more than 206,000 outpatient visits and performed over 50,000 surgeries and more than 250 transplants, restoring the lives of thousands of young Brazilians.<\/p>\n\n\n\n<p>Thanks to our strong employer brand, we can attract the best talents, both through recruitment and selection and through our Trainee Program, which is now in its third edition. We are always focused on having a diverse and inclusive team.<\/p>\n\n\n\n<p>I would like to thank everyone who is part of Rede D\u2019Or and who believes in the Company\u2019s capacity, which allows us to reaffirm our enthusiasm and commitment to the Brazilian healthcare industry.<\/p>\n\n\n\n<p><strong>Have a good read!<\/strong><\/p>\n<\/div><\/div>\n\n\n\n<div class=\"wp-block-kadence-column kadence-column4200_19c9bd-36 kb-section-is-sticky\"><div class=\"kt-inside-inner-col\">\n<figure class=\"wp-block-kadence-image kb-image4200_259fef-5e size-full\"><img loading=\"lazy\" decoding=\"async\" width=\"563\" height=\"662\" src=\"https:\/\/rededor2023.blendon.com.br\/wp-content\/uploads\/2024\/04\/Paulo-Junqueira-Moll.webp\" alt=\"\" class=\"kb-img wp-image-968\" srcset=\"https:\/\/rededor2023.blendon.com.br\/wp-content\/uploads\/2024\/04\/Paulo-Junqueira-Moll.webp 563w, https:\/\/rededor2023.blendon.com.br\/wp-content\/uploads\/2024\/04\/Paulo-Junqueira-Moll-255x300.webp 255w\" sizes=\"(max-width: 563px) 100vw, 563px\" \/><\/figure>\n\n\n\n<p class=\"has-text-align-center has-kb-palette-2-color has-text-color has-link-color wp-elements-eb90413c011e4c8073c9d7f700c39d45\"><strong>Paulo Junqueira Moll<br><\/strong>CEO Rede D\u00b4Or<\/p>\n<\/div><\/div>\n\n<\/div><\/div>","protected":false},"excerpt":{"rendered":"<p>In 2023, we delivered robust results that reflect the execution of our investment plan, creating value for all our stakeholders. Throughout the year, we recorded more than 10 million medical visits and performed approximately 500,000 surgeries for patients who came to our units because they trust the quality of care that we deliver to the [&hellip;]<\/p>\n","protected":false},"author":2,"featured_media":2611,"parent":4239,"menu_order":0,"comment_status":"closed","ping_status":"closed","template":"","meta":{"inline_featured_image":false,"footnotes":""},"class_list":["post-4200","page","type-page","status-publish","has-post-thumbnail","hentry"],"acf":[],"_links":{"self":[{"href":"https:\/\/rededor2023.blendon.com.br\/en\/wp-json\/wp\/v2\/pages\/4200"}],"collection":[{"href":"https:\/\/rededor2023.blendon.com.br\/en\/wp-json\/wp\/v2\/pages"}],"about":[{"href":"https:\/\/rededor2023.blendon.com.br\/en\/wp-json\/wp\/v2\/types\/page"}],"author":[{"embeddable":true,"href":"https:\/\/rededor2023.blendon.com.br\/en\/wp-json\/wp\/v2\/users\/2"}],"replies":[{"embeddable":true,"href":"https:\/\/rededor2023.blendon.com.br\/en\/wp-json\/wp\/v2\/comments?post=4200"}],"version-history":[{"count":7,"href":"https:\/\/rededor2023.blendon.com.br\/en\/wp-json\/wp\/v2\/pages\/4200\/revisions"}],"predecessor-version":[{"id":5446,"href":"https:\/\/rededor2023.blendon.com.br\/en\/wp-json\/wp\/v2\/pages\/4200\/revisions\/5446"}],"up":[{"embeddable":true,"href":"https:\/\/rededor2023.blendon.com.br\/en\/wp-json\/wp\/v2\/pages\/4239"}],"wp:featuredmedia":[{"embeddable":true,"href":"https:\/\/rededor2023.blendon.com.br\/en\/wp-json\/wp\/v2\/media\/2611"}],"wp:attachment":[{"href":"https:\/\/rededor2023.blendon.com.br\/en\/wp-json\/wp\/v2\/media?parent=4200"}],"curies":[{"name":"wp","href":"https:\/\/api.w.org\/{rel}","templated":true}]}}

<div class="kb-row-layout-wrap kb-row-layout-id4200_6768a1-0a alignnone wp-block-kadence-rowlayout"><div class="kt-row-column-wrap kt-has-2-columns kt-row-layout-left-golden kt-tab-layout-inherit kt-mobile-layout-row kt-row-valign-top">

<div class="wp-block-kadence-column kadence-column4200_d4549f-f2"><div class="kt-inside-inner-col">
<p>In 2023, we delivered robust results that reflect the execution of our investment plan, creating value for all our stakeholders. Throughout the year, we recorded more than 10 million medical visits and performed approximately 500,000 surgeries for patients who came to our units because they trust the quality of care that we deliver to the Brazilian population. Approximately 360,000 patients were also treated at D’Or Oncologia.</p>



<p>In 2023, thanks to our operational excellence, our hospitals’ high technical quality was recognized by several independent national and international organizations, such as the Joint Commission International (JCI). Seventeen of our hospitals are accredited by JCI, thus Rede D’or accounts for 32% of all Brazilian hospitals that were awarded the seal. Over 82% of our hospitals have some sort of accreditation (JCI, QMENTUM, NIAHO, ACSA or ONA) and the remaining are preparing to obtain such accreditations.</p>



<p>As regards our economic performance, we recorded net income of R$2.1 billion and EBITDA (Earnings Before Interest, Taxes, Depreciation and Amortization) of R$7.1 billion.</p>



<p>We are the leaders of the Brazilian private healthcare sector, offering the best in medicine in the geographic regions where we operate, measuring and publicizing our healthcare outcomes, and always striving to achieve the greatest possible operational efficiency, reflecting our commitment to our industry’s sustainability. Another important milestone in 2023 was the merger of SulAmérica’s management, seeking synergies in common processes, improving scalable services and bringing efficiency to the entire Group. SulAmérica remains as an independent operation, and we have set cohesive strategic goals and plans for our insurance business, confident that we are a solid operation in our country.</p>



<p>In 2023, we opened Hospital São Luiz Campinas (SP), and important projects have entered their final construction stages. In addition to Hospital Memorial Star in Pernambuco, which will start operating in April 2024, we highlight the expansion of Hospital Vila Nova Star, in the city of São Paulo, the Aliança Star project in Salvador, as well as the new Hospital Macaé D’Or, in Rio de Janeiro state. Moreover, we have projects for new hospitals and expansion of existing units that are already well underway: two new units in São Paulo state – Alphaville and Guarulhos; Barra D’Or II, in the city of Rio de Janeiro; the new tower at Hospital São Lucas, in Aracaju; and the expansion of Hospital Assunção, in São Bernardo do Campo, in São Paulo State. Together, these nine units represent a total investment of approximately R$3.5 billion, creating close to 20,000 direct and indirect jobs.</p>



<p>We emphasize our commitment to the economic development of the regions where we operate, which is evident in the percentage of materials and services procured by the Company from local suppliers: over 90%.</p>



<p>We have made important investments, most of which were focused on technology and innovation to achieve greater customer service efficiency, real productivity gains in our operations, and the continuous improvement of our service quality. This way, we ensure that our patients and families have the best possible experience during their stay with us.</p>



<p>We have been focusing our efforts on the climate change agenda, contributing to a low- carbon economy. Among our strategic and assertive initiatives in this journey, we announced our intention to migrate 74 consumer units to renewable energy, as part of our goal to reduce our greenhouse gas emissions by 36% until 2030, considering our commitment to Race to Zero. We also continue to invest in boosting our units’ energy efficiency and enhancing our waste management program.</p>



<p>As a result of our efforts on the environmental agenda, our 2023 greenhouse gas emission inventories (base year 2022) received the gold seal. At year-end, we reached the milestone of 133 Rede D’Or business units participating in the GHG Protocol Program, which will be reported in the next cycle. For the second consecutive year, we received a B score in our CDP questionnaire. We also prepared a climate risk scenarios and matrices study and remained in the Carbon Efficient Index (ICO2) portfolio. We must also mention our recognition in the “healthcare climate champions” and “climate leadership” categories in the Health Care Climate Challenge 2023, which annually highlights advancements in the environmental agenda achieved by hospitals and healthcare systems and organizations worldwide.</p>



<p>Moreover, we continue to be part of BM&amp;FBovespa’s Corporate Sustainability Index (ISE) portfolio for the period from January 2, 2024, to December 30, 2024. This is the second consecutive time that the Company has been included in the portfolio, this time ranked 32<sup>nd</sup>, just two and a half years after its IPO.</p>



<p>On the social front, we seek to value our talents and filled 1,654 open positions with our in-house talents (Movimenta Rede program), an increase of 13% over the previous year. We offer a wide range of training and qualification programs (1.3 million training hours in our corporate university) and safeguard the quality of our working environment. The satisfaction of working at Rede D’ D’Or is evident in the results of the annual climate survey: a more than 72% approval rate. In the leadership pillar, we have a Leadership Development Program (PDL, in Portuguese), which aims to accelerate and support the Company’s talent pipeline to further develop and strengthen these professionals’ performance and potential considering Rede D’Or’s organic growth.</p>



<p>We also participated in numerous social initiatives, including the 10<sup>th</sup> anniversary of Hospital da Criança, a non-profit social organization that performs highly complex surgeries for children in the state of Rio de Janeiro. Based in Vila Valqueire, over these 10 years, the institution has recorded more than 206,000 outpatient visits and performed over 50,000 surgeries and more than 250 transplants, restoring the lives of thousands of young Brazilians.</p>



<p>Thanks to our strong employer brand, we can attract the best talents, both through recruitment and selection and through our Trainee Program, which is now in its third edition. We are always focused on having a diverse and inclusive team.</p>



<p>I would like to thank everyone who is part of Rede D’Or and who believes in the Company’s capacity, which allows us to reaffirm our enthusiasm and commitment to the Brazilian healthcare industry.</p>



<p><strong>Have a good read!</strong></p>
</div></div>



<div class="wp-block-kadence-column kadence-column4200_19c9bd-36 kb-section-is-sticky"><div class="kt-inside-inner-col">
<figure class="wp-block-kadence-image kb-image4200_259fef-5e size-full"><img loading="lazy" decoding="async" width="563" height="662" src="https://rededor2023.blendon.com.br/wp-content/uploads/2024/04/Paulo-Junqueira-Moll.webp" alt="" class="kb-img wp-image-968" srcset="https://rededor2023.blendon.com.br/wp-content/uploads/2024/04/Paulo-Junqueira-Moll.webp 563w, https://rededor2023.blendon.com.br/wp-content/uploads/2024/04/Paulo-Junqueira-Moll-255x300.webp 255w" sizes="(max-width: 563px) 100vw, 563px" /></figure>



<p class="has-text-align-center has-kb-palette-2-color has-text-color has-link-color wp-elements-eb90413c011e4c8073c9d7f700c39d45"><strong>Paulo Junqueira Moll<br></strong>CEO Rede D´Or</p>
</div></div>

</div></div>
